r - 2*r, 3*r - 200 = -5*g. What is the highest common divisor of g and x?
5
Let z(t) = t**3 + 3*t**2 - 8*t - 19. Let v(p) = -p**2 - p - 1. Let b(a) = 3*v(a) - z(a). Let j be b(-7). Calculate the greatest common factor of j and 10.
10
Let y = -336 + 369. Calculate the highest common divisor of y and 11.
11
Let z = -3099 + 3363. Suppose 4*q - 148 = -52. What is the highest common factor of q and z?
24
Let k = -2033 - -2075. Suppose 4*c - 25 + 59 = 2*g, 5*g - 4*c - 97 = 0. Calculate the greatest common factor of g and k.
21
Let x(q) = 5*q - 10. Let g = 51 + -43. Let m be x(g). What is the highest common divisor of 12 and m?
6
Let x = 146 + -182. Let a = x + 37. What is the greatest common factor of a and 7?
1
Suppose 4*v = 3*j + 243 - 823, -5*j - 5*v = -1025. What is the greatest common divisor of 850 and j?
50
Let y = -17 + 26. Let u(w) = w**2 + 8*w. Let d be 24/40 + (-48)/5. Let k be u(d). Calculate the highest common factor of y and k.
9
Let l be 36*(-6)/(-12) - 5. What is the highest common divisor of 65 and l?
13
Suppose 139*d = -200*d + 18306. Let q(v) = v**3 + 7*v**2 + 4*v + 9. Let j be q(-6). Suppose -3*p + j = 3. What is the greatest common factor of p and d?
6
Suppose 0 = -3*p + g + 2*g - 207, -p - 77 = -5*g. Let q = p + 105. What is the highest common factor of 418 and q?
38
Let m(b) = 21*b - 48. Let j(o) = -23*o + 48. Let g(n) = 6*j(n) + 7*m(n). Let x be g(11). Calculate the greatest common factor of 17 and x.
17
Let k = 138 + -87. Suppose k = 5*x - 4. What is the greatest common factor of 88 and x?
11
Let o(j) = 2*j - 53. Let u be o(25). Let v = u - -47. Calculate the greatest common divisor of 4 and v.
4
Suppose -d + 8 - 19 = 0. Let u be (-5 + 7)*d/2. Let c = 9 - u. Calculate the greatest common factor of 8 and c.
4
Let o = 25 + -9. Let n be 1 - o/4 - -12. Suppose 0*g = -g + 6. What is the greatest common factor of g and n?
3
Suppose 0 = -2*n + 6*n - 1708. What is the greatest common divisor of 122 and n?
61
Suppose 7 = 5*n - p - 4, 5*n + 3*p - 27 = 0. Let j = n + 3. Suppose 0 = -2*h - 2*h + 168. What is the greatest common divisor of h and j?
6
Let r(a) = 2*a**2 + 3*a - 7. Let s be r(2). Suppose -s*p + 6*p = -16. Calculate the greatest common factor of 40 and p.
8
Suppose 5*r - 232 = 4*p, 0*r + 4*p + 188 = 4*r. What is the highest common factor of 77 and r?
11
Let g(x) = -x**2 - 9*x - 15. Let y be g(-4). Suppose -2*d - 2*o - o = -53, -13 = -2*d + y*o. What is the greatest common factor of d and 19?
19
Let b = 2 + 1. Let w(i) = -10*i + 8 - 1 + b*i + i**2. Let s be w(8). What is the highest common divisor of s and 15?
15
Let h = -980 - -1376. Suppose 5*c + 4*v = 410, 2*c - 83 = c - v. Let w = c + -42. Calculate the highest common factor of w and h.
36
Suppose 5*f - 9 - 16 = 0. Suppose 8*t = 3*t + f. Let q be t*-141*-1 - 1. What is the highest common factor of q and 20?
20
Suppose -5*o + 4*o = 0. Suppose -3*v + 24 = -4*m, -v - 3*m - 5 = -o*v. Suppose -v*w + 43 = -37. What is the greatest common factor of w and 140?
20
Let c = -96 - -101. Suppose 2*u = 2*l - 28, c*l = 3*l + 5*u + 22. Calculate the highest common divisor of 56 and l.
8
Let d(s) = -s**2 + 8*s + 13. Let m = 7 + -27. Let o = m + 29. Let t be d(o). Calculate the highest common factor of t and 12.
4
Let j = 23 + -23. Suppose -l + j*d - d = -114, 0 = -4*l - 2*d + 452. Calculate the greatest common factor of l and 28.
28
Let z be 4*(-7 + 34/4). Calculate the greatest common divisor of z and 32.
2
Let b = 0 - -37. What is the greatest common divisor of b and 1739?
37
Let w = 0 - 0. Suppose -2*f + 4*f - 18 = w. Let h be (18/45)/((-1)/(-15)). What is the greatest common factor of h and f?
3
Let b = 427 + -425. Calculate the greatest common divisor of 194 and b.
2
Let i be ((-1146)/(-955))/((-53)/(-50) - 1). Let d(n) = -6*n - 8. Let t be d(-8). What is the highest common divisor of i and t?
20
Suppose 0 = -5*v - h + 68, 4*h - 67 = -4*v - h. Let t be (-3 - -4) + (v - -1*2). Calculate the greatest common factor of 24 and t.
8
Let i = 1043 + -767. Calculate the greatest common divisor of 96 and i.
12
Suppose -v + 46 = -65. Suppose 2*a + w = 57, -w + 2*w = -4*a + v. What is the greatest common factor of 27 and a?
27
Let d be (-65858)/(-289) + (-4)/(-34). What is the greatest common factor of d and 57?
57
Let m(u) be the third derivative of u**6/120 - u**5/3 + 17*u**4/24 + 13*u**3/2 - 3*u**2. Let g be m(19). Calculate the highest common divisor of 5 and g.
1
Suppose -5*x = -x - 316. Suppose x - 4 = 5*g. Suppose -2*u = -3*c + 6*c - 60, -5*c + 60 = 2*u. Calculate the greatest common divisor of u and g.
15
Let y = 2 + -3. Suppose -t = -8*p + 3*p + 3, -2*t - 5*p + 9 = 0. Let n be 0/t + (y - -86). Calculate the greatest common divisor of 34 and n.
17
Let g be 0/1 + 2 + 27 + -11. Suppose -15 - g = -3*j. Suppose -o - 4*h + 91 = -h, 5*h - 269 = -3*o. What is the highest common divisor of j and o?
11
Let q = 359 - 313. What is the greatest common divisor of q and 874?
46
Let j = -24 - -29. Suppose -z + q = -j, q = 5*z + 2*q - 7. Calculate the greatest common divisor of z and 16.
2
Let k(h) = 2*h + 6. Suppose 0*c + 36 = -4*c + g, -3*g - 32 = 2*c. Let j be k(c). Let u = 49 + j. What is the highest common factor of u and 7?
7
Suppose o - 3*o = -286. Let s(z) = -z**2 - 35*z - 53. Let p be s(-33). What is the greatest common factor of o and p?
13
Suppose 2*y + y - 61 = 5*g, -13 = y + 5*g. Suppose 0 = 10*q - y - 68. Calculate the greatest common divisor of 12 and q.
4
Let q be (0 + 2)*(50 - 0). Suppose j = 4*d + q, -25 + 160 = 2*j + 5*d. Suppose -8*s + 4*s = -j. What is the highest common divisor of 180 and s?
20
Suppose -4*s = -2*c - 76, 3*s - 42 - 17 = c. Suppose -2 - 4 = -3*d. Suppose -w - d*w + 32 = -4*r, w + 5*r = -s. Calculate the greatest common factor of 6 and w.
2
Suppose -5*k + 5*q = -4301 + 271, 0 = q + 5. Let n be k/6 + 6/4. Let o = 219 - n. Calculate the highest common divisor of o and 12.
12
Let h be (4/(-3))/(0 - 6/333). Suppose 3*g = -g + 4*m + 96, -3*g = -m - h. What is the greatest common divisor of 225 and g?
25
Let r be 1929/27 + 8/(-54)*3. Calculate the highest common divisor of 3 and r.
1
Suppose -197*c + 213*c - 22848 = 0. What is the greatest common divisor of 84 and c?
84
Let x(y) = -y. Let g(r) = -2*r - 37. Let z(v) = -g(v) - 2*x(v). Let s be z(-8). Let q(f) = -15*f. Let t be q(-1). What is the greatest common factor of s and t?
5
Let c(o) = o**2 - 2*o + 2. Let m be c(2). Suppose m*y - 8 = -2*y. Suppose 79*z - 1474 = 12*z. What is the highest common factor of z and y?
2
Suppose 0 = 3*u + z - 22, u + 2*z - 27 + 13 = 0. What is the greatest common divisor of 75 and u?
3
Suppose 56*b - 54*b = 32. Calculate the highest common factor of 40 and b.
8
Let t(m) = -m**3 + 7*m**2 - 3*m - 2. Let d be t(6). Let w(i) = 2*i**2 + 145*i + 248. Let s be w(-72). Calculate the greatest common factor of s and d.
16
Suppose 5 + 5 = -a - 4*q, -2*q = -6. Let b = 37 + a. Suppose 22*i - 75 = 7*i. Calculate the highest common factor of i and b.
5
Let c be -687*(-3)/27*-3. Let a = -112 - c. What is the greatest common divisor of a and 78?
39
Let g = 1155 - 1140. Calculate the highest common factor of 1020 and g.
15
Let u(r) be the first derivative of 1/3*r**3 - 3*r**2 + 5 + 6*r. Let w be u(6). Calculate the greatest common divisor of w and 4.
2
Let j be (-1)/((-75)/37 + 2). Let q = j - 7. Calculate the greatest common factor of 6 and q.
6
Suppose 8*u - 517 = 2171. Calculate the greatest common divisor of 189 and u.
21
Let q(s) = 38*s - 167. Let g be q(7). Calculate the greatest common divisor of 18 and g.
9
Suppose 2*i = 2*q - 18, -2*i + 0*i - 23 = -3*q. Suppose 8*h - q*h = 90. What is the highest common divisor of h and 10?
10
Suppose -4*b + 27*b - 3404 = 0. Calculate the highest common factor of 666 and b.
74
Let g(d) = -d**2 - 21*d - 105. Let s be g(-10). Calculate the greatest common factor of s and 61.
1
Let o(l) = -l**2 - 8*l. Let t be o(-7). Let v = 45 + t. Suppose s = 2*j - 24 - v, 0 = 5*j + 5*s - 160. Calculate the greatest common factor of j and 12.
12
Let b(g) = g**3 + 4*g**2 + 3*g + 2. Let w be b(-3). Suppose -w*v = -3*v - 14. Let i be (-10)/v + 6/21. Calculate the greatest common factor of 7 and i.
1
Let w be 12/16*8/2. Suppose 4*a - 4*x + w*x = 240, -2*x + 180 = 3*a. Suppose -2*t = 3